{"id":2656,"date":"2025-07-27T04:29:56","date_gmt":"2025-07-27T07:29:56","guid":{"rendered":"https:\/\/escoladocaminho.com\/?page_id=2656"},"modified":"2025-07-27T04:44:18","modified_gmt":"2025-07-27T07:44:18","slug":"sumario-geral","status":"publish","type":"page","link":"https:\/\/escoladocaminho.com\/?page_id=2656","title":{"rendered":"Artigos"},"content":{"rendered":"\n<table id=\"tablepress-2\" class=\"tablepress tablepress-id-2\" aria-describedby=\"tablepress-2-description\">\n<thead>\n<tr class=\"row-1\">\n\t<th class=\"column-1\">Sum\u00e1rio Geral de Artigos<\/th>\n<\/tr>\n<\/thead>\n<tbody class=\"row-striping row-hover\">\n<tr class=\"row-2\">\n\t<td class=\"column-1\"><a href=\"https:\/\/escoladocaminho.com\/?p=1\">Publica\u00e7\u00f5es sobre o Amanhecer nas redes sociais disseminam inverdades<\/a><\/td>\n<\/tr>\n<tr class=\"row-3\">\n\t<td class=\"column-1\"><a href=\"https:\/\/escoladocaminho.com\/?p=134\">Os templos do Amanhecer no Cariri cearense: triste realidade do baixo mediunismo<\/a><\/td>\n<\/tr>\n<tr class=\"row-4\">\n\t<td class=\"column-1\"><a href=\"https:\/\/escoladocaminho.com\/?p=249\" target=\"_blank\">O Vale do Amanhecer sob a \u00e9gide do financismo: o car\u00e1ter doutrin\u00e1rio universal<a href=\"https:\/\/escoladocaminho.com\/?p=249\"><\/a><\/a><\/td>\n<\/tr>\n<tr class=\"row-5\">\n\t<td class=\"column-1\"><a href=\"https:\/\/escoladocaminho.com\/?p=427\">O que aconteceu quando tentamos comprar um terreno no Vale do Amanhecer que pertencia a Nancyara Zelaya<\/a><\/td>\n<\/tr>\n<tr class=\"row-6\">\n\t<td class=\"column-1\"><a href=\"https:\/\/escoladocaminho.com\/?p=437\" target=\"_blank\">Tia Neiva n\u00e3o \u00e9 Neiva Chaves Zelaya<\/a><\/td>\n<\/tr>\n<tr class=\"row-7\">\n\t<td class=\"column-1\"><a href=\"https:\/\/escoladocaminho.com\/?p=466\" target=\"_blank\">A Doutrina do Amanhecer sob a \u00e9gide do financismo: primeiras palavras<\/a><\/td>\n<\/tr>\n<tr class=\"row-8\">\n\t<td class=\"column-1\"><a href=\"https:\/\/escoladocaminho.com\/?p=599\" target=\"_blank\">Templos externos: o desabafo de Michel Hanna<\/a><\/td>\n<\/tr>\n<tr class=\"row-9\">\n\t<td class=\"column-1\"><a href=\"https:\/\/escoladocaminho.com\/?p=969\" target=\"_blank\">Novas publica\u00e7\u00f5es em breve!<\/a><\/td>\n<\/tr>\n<tr class=\"row-10\">\n\t<td class=\"column-1\"><a href=\"https:\/\/escoladocaminho.com\/?p=976\" target=\"_blank\">O dossi\u00ea e o jogo sujo de In\u00e1cio Sales<\/a><\/td>\n<\/tr>\n<tr class=\"row-11\">\n\t<td class=\"column-1\"><a href=\"https:\/\/escoladocaminho.com\/?p=1136\" target=\"_blank\">O franciscano<\/a><\/td>\n<\/tr>\n<tr class=\"row-12\">\n\t<td class=\"column-1\"><a href=\"https:\/\/escoladocaminho.com\/?p=1142\" target=\"_blank\">O homem de lama<\/a><\/td>\n<\/tr>\n<tr class=\"row-13\">\n\t<td class=\"column-1\"><a href=\"https:\/\/escoladocaminho.com\/?p=1174\" target=\"_blank\">A mensagem do Pai Seta Branca<\/a><\/td>\n<\/tr>\n<tr class=\"row-14\">\n\t<td class=\"column-1\"><a href=\"https:\/\/escoladocaminho.com\/?p=1201\" target=\"_blank\">Merecedores ou necessitados?<\/a><\/td>\n<\/tr>\n<tr class=\"row-15\">\n\t<td class=\"column-1\"><a href=\"https:\/\/escoladocaminho.com\/?p=1557\" target=\"_blank\">O cisma de Koatay 108<\/a><\/td>\n<\/tr>\n<tr class=\"row-16\">\n\t<td class=\"column-1\"><a href=\"https:\/\/escoladocaminho.com\/?p=1596\" target=\"_blank\">Lembran\u00e7as de um passado distante: a hist\u00f3ria Equitum\u00e3n<\/a><\/td>\n<\/tr>\n<tr class=\"row-17\">\n\t<td class=\"column-1\"><a href=\"https:\/\/escoladocaminho.com\/?p=1708\" target=\"_blank\">O que \u00e9 melhor: uma doutrina sem templo ou um templo sem doutrina?<\/a><\/td>\n<\/tr>\n<tr class=\"row-18\">\n\t<td class=\"column-1\"><a href=\"https:\/\/escoladocaminho.com\/?p=1706\" target=\"_blank\">Esclarecimentos sobre a Miss\u00e3o do Nordeste<\/a><\/td>\n<\/tr>\n<tr class=\"row-19\">\n\t<td class=\"column-1\"><a href=\"https:\/\/escoladocaminho.com\/?p=1728\" target=\"_blank\">O mundo espiritual n\u00e3o nos abandona? Seria essa uma velha ideia religiosa?<\/a><\/td>\n<\/tr>\n<tr class=\"row-20\">\n\t<td class=\"column-1\"><a href=\"https:\/\/escoladocaminho.com\/?p=1734\" target=\"_blank\">Um grito de alerta, por M\u00e1rio Sassi<\/a><\/td>\n<\/tr>\n<tr class=\"row-21\">\n\t<td class=\"column-1\"><a href=\"https:\/\/escoladocaminho.com\/?p=1736\" target=\"_blank\">Partida evang\u00e9lica, por tia Neiva<\/a><\/td>\n<\/tr>\n<tr class=\"row-22\">\n\t<td class=\"column-1\"><a href=\"https:\/\/escoladocaminho.com\/?p=1738\" target=\"_blank\">A vinda de Koatay 108, por M\u00e1rio Sassi<\/a><\/td>\n<\/tr>\n<tr class=\"row-23\">\n\t<td class=\"column-1\"><a href=\"https:\/\/escoladocaminho.com\/?p=1740\" target=\"_blank\">Primeiras experi\u00eancias com Darkus-Kan<\/a><\/td>\n<\/tr>\n<tr class=\"row-24\">\n\t<td class=\"column-1\"><a href=\"https:\/\/escoladocaminho.com\/?p=1742\" target=\"_blank\">O anci\u00e3o de Lhasa<\/a><\/td>\n<\/tr>\n<tr class=\"row-25\">\n\t<td class=\"column-1\"><a href=\"https:\/\/escoladocaminho.com\/?p=1744\" target=\"_blank\">A quebra da intensidade energ\u00e9tica nos templos do Amanhecer<\/a><\/td>\n<\/tr>\n<tr class=\"row-26\">\n\t<td class=\"column-1\"><a href=\"https:\/\/escoladocaminho.com\/?p=1748\" target=\"_blank\">Perdemos nossa conduta doutrin\u00e1ria<\/a><\/td>\n<\/tr>\n<tr class=\"row-27\">\n\t<td class=\"column-1\"><a href=\"https:\/\/escoladocaminho.com\/?p=1777\">Tantos sistemas\u2026<\/a><\/td>\n<\/tr>\n<tr class=\"row-28\">\n\t<td class=\"column-1\"><a href=\"https:\/\/escoladocaminho.com\/?p=1779\">Quando os bra\u00e7os n\u00e3o puderem atuar<\/a><\/td>\n<\/tr>\n<tr class=\"row-29\">\n\t<td class=\"column-1\"><a href=\"https:\/\/escoladocaminho.com\/?p=1782\">O triste cen\u00e1rio dos templos do Cariri cearense<\/a><\/td>\n<\/tr>\n<tr class=\"row-30\">\n\t<td class=\"column-1\"><a href=\"https:\/\/escoladocaminho.com\/?p=2401\" target=\"_blank\">A alma e suas movimenta\u00e7\u00f5es<\/a><\/td>\n<\/tr>\n<tr class=\"row-31\">\n\t<td class=\"column-1\"><a href=\"https:\/\/escoladocaminho.com\/?p=2404\" target=\"_blank\">Ess\u00eancia vesus forma: o que \u00e9 real na vida?<\/a><\/td>\n<\/tr>\n<tr class=\"row-32\">\n\t<td class=\"column-1\"><a href=\"https:\/\/escoladocaminho.com\/?p=2407\" target=\"_blank\">M\u00e9diuns atuando m\u00e9diuns<\/a><\/td>\n<\/tr>\n<tr class=\"row-33\">\n\t<td class=\"column-1\"><a href=\"https:\/\/escoladocaminho.com\/?p=2460\" target=\"_blank\">Liberdade e libertinagem<\/a><\/td>\n<\/tr>\n<tr class=\"row-34\">\n\t<td class=\"column-1\"><a href=\"https:\/\/escoladocaminho.com\/?p=2558\" target=\"_blank\">Que representantes do Cristo somos n\u00f3s?<\/a><\/td>\n<\/tr>\n<tr class=\"row-35\">\n\t<td class=\"column-1\"><a href=\"https:\/\/escoladocaminho.com\/?p=2575\" target=\"_blank\">A decis\u00e3o pelo desenvolvimento medi\u00fanico<\/a><\/td>\n<\/tr>\n<tr class=\"row-36\">\n\t<td class=\"column-1\"><a href=\"https:\/\/escoladocaminho.com\/?p=2585\" target=\"_blank\">A busca por m\u00e9diuns como afirma\u00e7\u00e3o doutrin\u00e1ria<\/a><\/td>\n<\/tr>\n<tr class=\"row-37\">\n\t<td class=\"column-1\"><a href=\"https:\/\/escoladocaminho.com\/?p=2588\" target=\"_blank\">O sentido do desenvolvimento medi\u00fanico<\/a><\/td>\n<\/tr>\n<tr class=\"row-38\">\n\t<td class=\"column-1\"><a href=\"https:\/\/escoladocaminho.com\/?p=2596\" target=\"_blank\">O perigo da cr\u00edtica \u00e1cida<\/a><\/td>\n<\/tr>\n<tr class=\"row-39\">\n\t<td class=\"column-1\"><a href=\"https:\/\/escoladocaminho.com\/?p=2605\" target=\"_blank\">Sobre prioridades na comunica\u00e7\u00e3o doutrin\u00e1ria<\/a><\/td>\n<\/tr>\n<tr class=\"row-40\">\n\t<td class=\"column-1\"><a href=\"https:\/\/escoladocaminho.com\/?p=2594\" target=\"_blank\">https:\/\/escoladocaminho.com\/?p=2594<\/a><\/td>\n<\/tr>\n<tr class=\"row-41\">\n\t<td class=\"column-1\"><a href=\"https:\/\/escoladocaminho.com\/?p=2638\" target=\"_blank\">O Evangelho Redivivo e os limites da religi\u00e3o<\/a><\/td>\n<\/tr>\n<tr class=\"row-42\">\n\t<td class=\"column-1\"><a href=\"https:\/\/escoladocaminho.com\/?p=1775\" target=\"_blank\">\u00c0s ninfas do Amanhecer<\/a><\/td>\n<\/tr>\n<tr class=\"row-43\">\n\t<td class=\"column-1\"><a href=\"https:\/\/escoladocaminho.com\/?p=2710\" target=\"_blank\">A ilus\u00e3o da percep\u00e7\u00e3o: o v\u00e9u da vaidade sobre a realidade<\/a><\/td>\n<\/tr>\n<tr class=\"row-44\">\n\t<td class=\"column-1\"><\/td>\n<\/tr>\n<tr class=\"row-45\">\n\t<td class=\"column-1\"><\/td>\n<\/tr>\n<tr class=\"row-46\">\n\t<td class=\"column-1\"><\/td>\n<\/tr>\n<tr class=\"row-47\">\n\t<td class=\"column-1\"><\/td>\n<\/tr>\n<tr class=\"row-48\">\n\t<td class=\"column-1\"><\/td>\n<\/tr>\n<tr class=\"row-49\">\n\t<td class=\"column-1\"><\/td>\n<\/tr>\n<tr class=\"row-50\">\n\t<td class=\"column-1\"><\/td>\n<\/tr>\n<tr class=\"row-51\">\n\t<td class=\"column-1\"><\/td>\n<\/tr>\n<\/tbody>\n<\/table>\n<span id=\"tablepress-2-description\" class=\"tablepress-table-description tablepress-table-description-id-2\"><\/span>\n<!-- #tablepress-2 from cache -->\n\n\n\n<p><\/p>\n","protected":false},"excerpt":{"rendered":"","protected":false},"author":1,"featured_media":0,"parent":0,"menu_order":0,"comment_status":"closed","ping_status":"closed","template":"","meta":{"_editorskit_title_hidden":true,"_editorskit_reading_time":0,"_editorskit_is_block_options_detached":false,"_editorskit_block_options_position":"{}","advanced_seo_description":"","jetpack_seo_html_title":"","jetpack_seo_noindex":false,"_joinchat":[],"footnotes":""},"class_list":["post-2656","page","type-page","status-publish","hentry"],"jetpack_sharing_enabled":true,"_links":{"self":[{"href":"https:\/\/escoladocaminho.com\/index.php?rest_route=\/wp\/v2\/pages\/2656","targetHints":{"allow":["GET"]}}],"collection":[{"href":"https:\/\/escoladocaminho.com\/index.php?rest_route=\/wp\/v2\/pages"}],"about":[{"href":"https:\/\/escoladocaminho.com\/index.php?rest_route=\/wp\/v2\/types\/page"}],"author":[{"embeddable":true,"href":"https:\/\/escoladocaminho.com\/index.php?rest_route=\/wp\/v2\/users\/1"}],"replies":[{"embeddable":true,"href":"https:\/\/escoladocaminho.com\/index.php?rest_route=%2Fwp%2Fv2%2Fcomments&post=2656"}],"version-history":[{"count":3,"href":"https:\/\/escoladocaminho.com\/index.php?rest_route=\/wp\/v2\/pages\/2656\/revisions"}],"predecessor-version":[{"id":2669,"href":"https:\/\/escoladocaminho.com\/index.php?rest_route=\/wp\/v2\/pages\/2656\/revisions\/2669"}],"wp:attachment":[{"href":"https:\/\/escoladocaminho.com\/index.php?rest_route=%2Fwp%2Fv2%2Fmedia&parent=2656"}],"curies":[{"name":"wp","href":"https:\/\/api.w.org\/{rel}","templated":true}]}}